{"id":940,"date":"2022-10-21T10:42:46","date_gmt":"2022-10-21T10:42:46","guid":{"rendered":"https:\/\/www.partnerland.sk\/?post_type=product&#038;p=940"},"modified":"2022-10-21T10:51:42","modified_gmt":"2022-10-21T10:51:42","slug":"elite-green-protein","status":"publish","type":"product","link":"https:\/\/www.partnerland.sk\/?product=elite-green-protein","title":{"rendered":"Elite Green Prote\u00edn"},"content":{"rendered":"<p>Balenie: 500g<\/p>\n<p>Elite green prote\u00edn \u2122 obsahuje vz\u00e1cny nopalinov\u00fd kaktus patriaci do zoznamu ohrozen\u00fdch druhov CITES.\u00a0Kv\u00f4li legislat\u00edvnym nariaden\u00edm, ktor\u00e1 teraz br\u00e1ni dovozu do E\u00da v\u0161etk\u00e9ho, \u010do obsahuje t\u00fato rastlinu, sme museli preru\u0161i\u0165 predaj\u00a0Elite green prote\u00edn \u2122.<\/p>\n<p><strong>Elite Green prote\u00edn \u2122 Cool Green<\/strong>\u00a0je unik\u00e1tny zelen\u00e1 bielkovina \u00faplne odli\u0161n\u00e1 od ak\u00fdchko\u013evek in\u00fdch prote\u00ednov.\u00a0Jedn\u00e1 sa o 100% \u010derstv\u00fa plnohodnotn\u00fa bielkovinu, ktor\u00e1 je zdrojom vitam\u00ednov, miner\u00e1lov a rastlinn\u00fdch \u017eiv\u00edn v neupravovan\u00e9 podobe.\u00a0Je spracov\u00e1van\u00e1 technol\u00f3giami zodpovedaj\u00face klasifik\u00e1cii 100% TruGanic \u2122 * a v\u00fdsledn\u00fd produkt je uchov\u00e1van\u00fd v\u010faka technol\u00f3gii EcoFresh Nutrient Lock \u2122 **.<\/p>\n<ul>\n<li><\/li>\n<\/ul>\n<p><strong>Energetick\u00e9 posilnenie:<\/strong>\u00a0magnetick\u00e9, homeopatick\u00e9, vibra\u010dn\u00e9<\/p>\n","protected":false},"excerpt":{"rendered":"<p>Ide o 100% \u010derstv\u00fa plnohodnotn\u00fa bielkovinu, ktor\u00e1 je zdrojom vitam\u00ednov, miner\u00e1lov a rastlinn\u00fdch \u017eiv\u00edn v neupravovanej podobe.<\/p>\n","protected":false},"featured_media":941,"comment_status":"open","ping_status":"closed","template":"","meta":[],"product_cat":[20],"product_tag":[],"class_list":{"0":"post-940","1":"product","2":"type-product","3":"status-publish","4":"has-post-thumbnail","6":"product_cat-zdrava-vyziva","8":"first","9":"instock","10":"taxable","11":"shipping-taxable","12":"purchasable","13":"product-type-simple"},"_links":{"self":[{"href":"https:\/\/www.partnerland.sk\/index.php?rest_route=\/wp\/v2\/product\/940","targetHints":{"allow":["GET"]}}],"collection":[{"href":"https:\/\/www.partnerland.sk\/index.php?rest_route=\/wp\/v2\/product"}],"about":[{"href":"https:\/\/www.partnerland.sk\/index.php?rest_route=\/wp\/v2\/types\/product"}],"replies":[{"embeddable":true,"href":"https:\/\/www.partnerland.sk\/index.php?rest_route=%2Fwp%2Fv2%2Fcomments&post=940"}],"wp:featuredmedia":[{"embeddable":true,"href":"https:\/\/www.partnerland.sk\/index.php?rest_route=\/wp\/v2\/media\/941"}],"wp:attachment":[{"href":"https:\/\/www.partnerland.sk\/index.php?rest_route=%2Fwp%2Fv2%2Fmedia&parent=940"}],"wp:term":[{"taxonomy":"product_cat","embeddable":true,"href":"https:\/\/www.partnerland.sk\/index.php?rest_route=%2Fwp%2Fv2%2Fproduct_cat&post=940"},{"taxonomy":"product_tag","embeddable":true,"href":"https:\/\/www.partnerland.sk\/index.php?rest_route=%2Fwp%2Fv2%2Fproduct_tag&post=940"}],"curies":[{"name":"wp","href":"https:\/\/api.w.org\/{rel}","templated":true}]}}