{"id":930,"date":"2022-10-21T10:22:55","date_gmt":"2022-10-21T10:22:55","guid":{"rendered":"https:\/\/www.partnerland.sk\/?post_type=product&#038;p=930"},"modified":"2022-11-24T10:41:04","modified_gmt":"2022-11-24T10:41:04","slug":"930","status":"publish","type":"product","link":"https:\/\/www.partnerland.sk\/?product=930","title":{"rendered":"Chitosan"},"content":{"rendered":"<p>Balenie: 90 kaps\u00fal \u00e1 400 mg<\/p>\n<div>\n<p><span data-mce-mark=\"1\"><em><strong>Chitosan\u00a0<\/strong><\/em>je v\u00fdznamn\u00fdm pomocn\u00edkom pri redukcii hmotnosti. Vznik\u00e1 premenou chit\u00ednu z\u00edskan\u00e9ho z ul\u00edt morsk\u00fdch krabov a hom\u00e1rov. Je to materi\u00e1l schopn\u00fd viaza\u0165 na seba tuky. Chitosan je unik\u00e1tna vl\u00e1knina obsahuj\u00faca pozit\u00edvne nabit\u00e9 amino \u2013 skupiny, ktor\u00e9 pri\u0165ahuj\u00fa negat\u00edvne nabit\u00e9 tuky a \u017el\u010d. Sp\u00f4sobuje viazanie lipidov v pomere 5 a\u017e 10 kr\u00e1t vy\u0161\u0161om, ako ostatn\u00e9 vl\u00e1kniny. Chitosan absorbuje vodu do formy hust\u00e9ho g\u00e9lu. Tento g\u00e9l pom\u00e1ha chitosanu viaza\u0165 \u010fal\u0161ie tuky a steroly a t\u00fdm sa prijat\u00e9 tuky nem\u00f4\u017eu str\u00e1vi\u0165 a vyl\u00fa\u010dia sa z tela. Chitosan dok\u00e1\u017ee pohlti\u0165 6 \u2013 8 kr\u00e1t viac tekut\u00edn, ako je jeho vlastn\u00e1 hmotnos\u0165. Z\u00a0dlhodob\u00e9ho pozorovania boli zaznamenan\u00e9 v\u00fdrazn\u00e9 \u00fa\u010dinky Chitosanu na redukciu cholesterolu, ako aj v boji proti ateroskler\u00f3ze a chorob\u00e1m srdca.<\/span><\/p>\n<p><span data-mce-mark=\"1\"><strong><em>Chitosan via\u017ee na seba tuky z potravy a takto zamedzuj\u00fa ich resorbcii zo stravy a odv\u00e1dzaj\u00fa ich z tela stolicou.\u00a0<\/em><\/strong><\/span><\/p>\n<p><strong><em>Chitosan m\u00e1 lep\u0161ie \u00fa\u010dinky, ke\u010f sa u\u017e\u00edva s vitam\u00ednom C. V kombin\u00e1cii s t\u00fdmto vitam\u00ednom dok\u00e1\u017ee zni\u017eova\u0165 hodnoty nevhodn\u00e9ho cholesterolu.\u00a0<\/em><\/strong><\/p>\n<\/div>\n<div><\/div>\n<div><\/div>\n<div><strong>Z\u00c1KLADN\u00c9 INFORM\u00c1CIE<\/strong><\/div>\n<div><\/div>\n<div>\n<p>&nbsp;<\/p>\n<p><strong>Medic\u00edna a \u00a0zdravie:<\/strong><\/p>\n<ul>\n<li>m\u00e1 funkciu\u00a0pre zlep\u0161enie \u00a0imunity,<\/li>\n<li>aktivuje\u00a0bunky,<\/li>\n<li>p\u00f4sob\u00ed ako prevencia \u00a0rakoviny,<\/li>\n<li>zni\u017euje krvn\u00fd tlak a tuk,<\/li>\n<li>p\u00f4sob\u00ed na regul\u00e1ciu hladiny cukru v krvi,<\/li>\n<li>pozit\u00edvne p\u00f4sob\u00ed na po\u0161kodenia \u017eal\u00fado\u010dnej\u00a0 sliznice,<\/li>\n<li>p\u00f4sob\u00ed na biologick\u00e9\u00a0po\u0161kodenie \u017eal\u00fado\u010dnej\u00a0sliznice, kde m\u00f4\u017ee v\u00fdrazne<\/li>\n<li>pom\u00f4c\u0165 pri jej n\u00e1prave u\u017e do 24 hod\u00edn za \u00fa\u010delom zabr\u00e1nenia vniknutiu \u017eal\u00fado\u010dnej kyseliny na sliznicu \u017eal\u00fadka,<\/li>\n<li>pozit\u00edvne p\u00f4sob\u00ed na poruchy za\u017e\u00edvacieho trektu, ako s\u00fa \u017eal\u00fado\u010dn\u00e9 vredy, kolit\u00edda a syndr\u00f3m dr\u00e1\u017ediv\u00e9ho \u010dreva<\/li>\n<li>aktivuje \u00a0regener\u00e1ciu \u00a0\u017eal\u00fado\u010dnej\u00a0 sliznice.<\/li>\n<\/ul>\n<\/div>\n<div><\/div>\n<div>Hustota \u00a0n\u00e1\u0161ho pr\u00edpravku je (\u2265\u00a00.6g\/ml) a\u00a0je dvakr\u00e1t\u00a0a\u017e\u00a0trikr\u00e1t \u00a0vy\u0161\u0161ia ako\u00a0be\u017ene dostupn\u00fd Chitosan.<\/div>\n<div><\/div>\n<div><\/div>\n<div><strong>Ako sa Chitosan prejav\u00ed v tele?<\/strong><\/div>\n<div><\/div>\n<div>\n<p>Chitosan ako l\u00e1tka neabsorbovate\u013en\u00e1 je bez kalorickej hodnoty.\u00a0Dne\u0161n\u00e9 strava je obvykle pr\u00edli\u0161 kalorick\u00e1, pr\u00edli\u0161 tu\u010dn\u00e9 a chudobn\u00e1 na vl\u00e1kninu.\u00a0Pri dostato\u010dnom d\u00e1vkovan\u00ed m\u00f4\u017ee Chitosan zn\u00ed\u017ei\u0165 kalorick\u00fa hodnotu stravy a tak prispie\u0165 k\u00a0redukcii nadv\u00e1hy.<\/p>\n<p>Okrem tuku na seba via\u017ee aj \u017el\u010dov\u00e9 kyseliny, ktor\u00e9 vznikaj\u00fa v pe\u010deni premenou cholesterolu.\u00a0Ak s\u00fa teda vo v\u00e4\u010d\u0161ej miere z tela odstr\u00e1nen\u00e9, potom sa v\u00e4\u010d\u0161ie mno\u017estvo cholesterolu spotrebuje na ich doplnenie, a t\u00fdm hladina cholesterolu v krvi kles\u00e1.<\/p>\n<\/div>\n<div><\/div>\n<div><strong>Tento v\u00fd\u017eivov\u00fd doplnok napom\u00e1ha aj \u013eu\u010fom schudn\u00fa\u0165 \u00a0nasleduj\u00facimi \u00a0sp\u00f4sobmi:<\/strong><\/div>\n<div><\/div>\n<ol>\n<li>Inhibuje schopnos\u0165 tela k ukladaniu tuku,\u00a0\u010do m\u00f4\u017ee sp\u00f4sobi\u0165, \u017ee telom prejde viac tuku z potrav\u00edn bez toho, aby\u00a0bolo skladovan\u00e9.<\/li>\n<li>M\u00f4\u017ee sp\u00f4sobi\u0165, \u017ee telo vyu\u017eije existuj\u00faci telesn\u00fd\u00a0tuk na energiu pri dlhodobom cvi\u010den\u00ed. Obvykle s\u00fa to sacharidy, ktor\u00e9 s\u00fa\u00a0ako prv\u00e9 vyu\u017eit\u00e9 pri cvi\u010den\u00ed, alebo zv\u00fd\u0161enej telesnej n\u00e1mahe.<\/li>\n<li>V nieko\u013ek\u00fdch v\u00fdskumoch \u00a0sa objavilo zn\u00ed\u017eenie chuti\u00a0do jedla t\u00fdm, \u017ee sa zv\u00fd\u0161ilo mno\u017estvo seroton\u00ednu v tele. \u00a0(Seroton\u00edn je\u00a0neurotransmiter, ktor\u00fd sp\u00f4sob\u00ed my\u0161lienku, ktor\u00e1 ovplyv\u0148uje n\u00e1ladu a\u00a0chu\u0165 k jedlu).<\/li>\n<\/ol>\n<div><\/div>\n<div><\/div>\n<div>Ne\u017eiaduce \u00fa\u010dinky \u00fa\u010dinky neboli zisten\u00e9.<strong>\u00a0<\/strong><\/div>\n<div><\/div>\n<div><\/div>\n<div>\n<p>Chitosan nevyvol\u00e1va pri be\u017enom odpor\u00fa\u010danom d\u00e1vkovan\u00ed \u017eiadne komplik\u00e1cie.\u00a0V s\u00favislosti s jeho v\u00e4zbovou kapacitou je potrebn\u00e9 venova\u0165 pozornos\u0165 mo\u017en\u00e9mu zn\u00ed\u017eeniu vstreb\u00e1vanie niektor\u00fdch miner\u00e1lov (v\u00e1pnik, hor\u010d\u00edk, zinok, \u017eelezo).\u00a0Z tohto d\u00f4vodu je vhodn\u00e9 dodr\u017ea\u0165 aspo\u0148 dvojhodinov\u00fd \u010dasov\u00fd odstup pri u\u017e\u00edvan\u00ed liekov!\u00a0 V\u017edy je lep\u0161ie poradi\u0165 sa s lek\u00e1rom o vhodnosti kombin\u00e1cie Chitosanu a liekov.\u00a0Nie je ur\u010den\u00fd de\u0165om, tehotn\u00fdm a doj\u010diacim \u017een\u00e1m.<\/p>\n<\/div>\n","protected":false},"excerpt":{"rendered":"<p>Chitosan je vl\u00e1knina z\u00edskavan\u00e1 z morsk\u00fdch \u017eivo\u010d\u00edchov, ktor\u00e1 zabra\u0148uje \u013eudsk\u00e9mu organizmu z prijatej potravy vstreb\u00e1va\u0165 tuky. Chitosan je pr\u00edrodn\u00fd produkt derivovan\u00fd z polysacharidu chit\u00ednu. Chit\u00edn sa nach\u00e1dza v schr\u00e1nkach k\u00f4rovcov. Patr\u00ed medzi nerozpustn\u00e9 vl\u00e1kniny a m\u00e1 jedine\u010dn\u00fa schopnos\u0165 viaza\u0165 tuky a \u0165a\u017ek\u00e9 kovy.<\/p>\n","protected":false},"featured_media":931,"comment_status":"open","ping_status":"closed","template":"","meta":[],"product_cat":[26,42,27,35,31,33,29],"product_tag":[],"class_list":{"0":"post-930","1":"product","2":"type-product","3":"status-publish","4":"has-post-thumbnail","6":"product_cat-chloesterol","7":"product_cat-detoxikacia","8":"product_cat-onkologicke-ochorenia","9":"product_cat-pecen","10":"product_cat-proti-starnutiu","11":"product_cat-traviaca-sustava","12":"product_cat-vysoky-krvny-tlak","14":"first","15":"instock","16":"taxable","17":"shipping-taxable","18":"purchasable","19":"product-type-simple"},"_links":{"self":[{"href":"https:\/\/www.partnerland.sk\/index.php?rest_route=\/wp\/v2\/product\/930","targetHints":{"allow":["GET"]}}],"collection":[{"href":"https:\/\/www.partnerland.sk\/index.php?rest_route=\/wp\/v2\/product"}],"about":[{"href":"https:\/\/www.partnerland.sk\/index.php?rest_route=\/wp\/v2\/types\/product"}],"replies":[{"embeddable":true,"href":"https:\/\/www.partnerland.sk\/index.php?rest_route=%2Fwp%2Fv2%2Fcomments&post=930"}],"wp:featuredmedia":[{"embeddable":true,"href":"https:\/\/www.partnerland.sk\/index.php?rest_route=\/wp\/v2\/media\/931"}],"wp:attachment":[{"href":"https:\/\/www.partnerland.sk\/index.php?rest_route=%2Fwp%2Fv2%2Fmedia&parent=930"}],"wp:term":[{"taxonomy":"product_cat","embeddable":true,"href":"https:\/\/www.partnerland.sk\/index.php?rest_route=%2Fwp%2Fv2%2Fproduct_cat&post=930"},{"taxonomy":"product_tag","embeddable":true,"href":"https:\/\/www.partnerland.sk\/index.php?rest_route=%2Fwp%2Fv2%2Fproduct_tag&post=930"}],"curies":[{"name":"wp","href":"https:\/\/api.w.org\/{rel}","templated":true}]}}