{"id":912,"date":"2022-10-21T09:48:04","date_gmt":"2022-10-21T09:48:04","guid":{"rendered":"https:\/\/www.partnerland.sk\/?post_type=product&#038;p=912"},"modified":"2022-11-24T10:22:09","modified_gmt":"2022-11-24T10:22:09","slug":"artemisinin","status":"publish","type":"product","link":"https:\/\/www.partnerland.sk\/?product=artemisinin","title":{"rendered":"ARTEMISININ"},"content":{"rendered":"<p>Artemisin\u00edn alebo palina ro\u010dn\u00e1 je detoxika\u010dn\u00e1 rastlina. Pre na\u0161tartovanie detoxika\u010dn\u00e9ho programu tela sa odpor\u00fa\u010da vybra\u0165 jedno cel\u00e9 balenie v priebehu jedn\u00e9ho mesiaca. Potom sta\u010d\u00ed aj polro\u010dn\u00e1, alebo dlh\u0161ia prest\u00e1vka, ak nie je \u017eiaden zdravotn\u00fd probl\u00e9m.<\/p>\n<p><strong><a href=\"https:\/\/www.kingray.sk\/p\/kingray-artemisin-98-100kps-x-1-bal-ucinna-latka-artemisinin\">Artemisinin<\/a>, zn\u00e1ma tie\u017e pod n\u00e1zvom palina ro\u010dn\u00e1 (anglicky \u2013 sweet wormwood, latinsky \u2013 artemisia annua).<\/strong><\/p>\n<p>Artemisin\u00edn sa pou\u017e\u00edva v Tradi\u010dnej \u010c\u00ednskej medic\u00edne a Ajurv\u00e9de ako liek a v niektor\u00fdch krajin\u00e1ch ako v\u00fd\u017eivov\u00fd doplnok.\u00a0\u00a0Artemisin\u00edn je zaregistrovan\u00fd FDA ako liek proti mal\u00e1ri\u00ed.<\/p>\n<p>Artemisin\u00edn je rastlina so \u0161irok\u00fdm spektrom \u00fa\u010dinkov. Pre jeho \u0161pecifick\u00e9 \u00fa\u010dinky odpor\u00fa\u010dame ka\u017ed\u00e9mu vybra\u0165 jedno balenie ako prevenciu, preto\u017ee telo \u201edetoxikuje\u201c. Supres\u00edvne p\u00f4sob\u00ed len na v\u00edrusy, parazity, huby, rakovinov\u00e9 bunky a nie na zdr\u00e1ve bunky tela.<\/p>\n<h3><a href=\"https:\/\/www.kingray.sk\/p\/kingray-artemisin-98-100kps-x-1-bal-ucinna-latka-artemisinin\">Artemisin\u00edn<\/a>\u00a0a zisten\u00e9 \u00fa\u010dinky:<\/h3>\n<ol>\n<li>\u00a0\u00a0\u00a0\u00a0\u00a0Proti-rakovinov\u00fd \u00fa\u010dinok (podlo\u017een\u00e9 mnoh\u00fdmi klinick\u00fdmi \u0161t\u00fadiami a artemisin\u00edn je schv\u00e1len\u00fd liek FDA v zahrani\u010d\u00ed)<\/li>\n<li>\u00a0\u00a0\u00a0\u00a0\u00a0Proti-mal\u00e1riov\u00fd \u00fa\u010dinok<\/li>\n<li>\u00a0\u00a0\u00a0\u00a0\u00a0Anti-fungic\u00eddny \u00fa\u010dinok (rezistn\u00e9 huby a kandidy)<\/li>\n<li>\u00a0\u00a0\u00a0\u00a0\u00a0Anti-parazititn\u00fd \u00fa\u010dinok (\u010dervy)<\/li>\n<li>\u00a0\u00a0\u00a0\u00a0\u00a0Anti-v\u00edrusov\u00fd \u00fa\u010dinok (<strong>Herpes v\u00edrusy, HSV 1, HSV 2, HSV 6, Epstein Barr v\u00edrus<\/strong>)<\/li>\n<li>\u00a0\u00a0\u00a0\u00a0\u00a0Anti-mikrobi\u00e1lny \u00fa\u010dinok (<strong>Helicobacter Pylori, mikroorganizmy, ktor\u00e9 sp\u00f4sobuj\u00fa rakovinu hrub\u00e9ho \u010dreva<\/strong>)<\/li>\n<\/ol>\n<h3><strong>\u00da\u010dinky artemisin\u00ednu, ktor\u00e9 boli podlo\u017een\u00e9 \u0161t\u00fadiami:<\/strong><\/h3>\n<ul>\n<li>\u00da\u010dinok proti\u00a0<strong>mal\u00e1ri\u00ed<\/strong>\u00a0(aj rezistentn\u00fdm druhom)<\/li>\n<li>Zab\u00edja\u00a0<strong>parazity<\/strong>\u00a0(schistosomy)<\/li>\n<li>Ni\u010d\u00ed\u00a0<strong>rakovinov\u00e9 bunky<\/strong><\/li>\n<li>Inhib\u00edcia v\u00edrusu\u00a0<strong>herpes simplex typ 1<\/strong><\/li>\n<li>Inhib\u00edcia v\u00edrusov ako\u00a0<strong>hepatit\u00eddy B a\u00a0C<\/strong><\/li>\n<li>\u00da\u010dinok proti\u00a0<strong>boreli\u00f3ze<\/strong><\/li>\n<\/ul>\n<h2><strong>\u00da\u010dinok proti mal\u00e1ri\u00ed<\/strong><\/h2>\n<p>Artemisin\u00edn je najefekt\u00edvnej\u0161\u00ed doplnok proti\u00a0<strong>v\u00edrusom<\/strong>\u00a0mal\u00e1rie, ale aj in\u00fdm v\u00edrusov\u00fdm ochoreniam. T\u00e1to rastlina sa pou\u017e\u00edva v \u010cTM viacej ako 2000 rokov a za\u010dala sa \u0161tudova\u0165 od roku 1970 hlavne zo za\u010diatku \u010c\u00ednskymi vedcami a v s\u00fa\u010dasnosti u\u017e v celom svete. Artemisin\u00edn m\u00e1 schopnos\u0165 zabi\u0165 \u0161irok\u00fa \u0161k\u00e1lu asexu\u00e1lnych parazitn\u00fdch \u0161t\u00e1di\u00ed v bezpe\u010dn\u00fdch koncentr\u00e1ci\u00e1ch, ktor\u00e9 s\u00fa konzistentne nedosiahnute\u013en\u00e9 \u0161tandardn\u00fdmi d\u00e1vkovac\u00edmi re\u017eimami. Artemisin\u00edn je doplnkom prvej vo\u013eby po\u010das lie\u010dby mal\u00e1rie. Aby sa zabr\u00e1nilo minimalizovaniu z\u00edskania rezistancie, odpor\u00fa\u010da sa kombin\u00e1cia artemisin\u00ednu a \u010fal\u0161ich liekov ur\u010den\u00fdch na lie\u010dbu mal\u00e1rie.<\/p>\n<h2><strong>\u00da\u010dinok proti rakovine<\/strong><\/h2>\n<p>Artemis\u00edn\u00edn sa sk\u00famal a st\u00e1le sk\u00fama ako liek na mnoh\u00e9 onkologick\u00e9 ochorenia. \u00da\u010dinnos\u0165 u\u017e bola preuk\u00e1zan\u00e1 pri ochoreniach ako:<\/p>\n<ul>\n<li>Rakovina hrub\u00e9ho \u010dreva<\/li>\n<li>Rakovina prsn\u00edka<\/li>\n<li>Rakovina p\u013e\u00fac<\/li>\n<li>Leuk\u00e9mia<\/li>\n<li>Rakovina pankreasu<\/li>\n<\/ul>\n<p>\u0160t\u00fadie tie\u017e identifikovali mo\u017en\u00e9 v\u0161eobecn\u00e9 mechanizmy, ako je normaliz\u00e1cia zv\u00fd\u0161enej regul\u00e1cie Wnt \/ \u03b2-katen\u00ednu pri kolorekt\u00e1lnom karcin\u00f3me.<\/p>\n<p>\u010eal\u0161ie cesty protirakovinovej aktivity zah\u0155\u0148aj\u00fa inhib\u00edciu zv\u00fd\u0161enej angiogen\u00e9zy spojenej s n\u00e1dormi. Inhib\u00edcia angiogen\u00e9zy je unik\u00e1tny sp\u00f4sob boja s\u00a0rakovinou, preto\u017ee blokuje rast krvn\u00fdch ciev, ktor\u00e9 podporuj\u00fa rast tumoru.<\/p>\n<p>Pod\u013ea v\u00fdskumn\u00edkov artemisin\u00edn by mohol by\u0165 alternat\u00edvou pri lie\u010dbe agres\u00edvnych n\u00e1dorov s\u00a0n\u00edzkym rizikom z\u00edskania rezistencie na lie\u010dbu.<\/p>\n<p>Rakovinov\u00e9 bunky potrebuj\u00fa \u017eelezo na delenie a rozmno\u017eovanie. \u201e\u017delezo \u201e teda i\u00f3ny Fe a artemisin\u00edn dohromady produkuj\u00fa rakovinu zab\u00edjaj\u00face-vo\u013en\u00e9 radik\u00e1ly. Niektor\u00ed v\u00fdskumn\u00edci dok\u00e1zali, \u017ee vy\u0161\u0161ia \u00fa\u010dinnos\u0165 sa prejavila, ke\u010f sa kombinoval artemisin\u00edn s pr\u00edjmom \u201e\u017eeleza\u201c .<\/p>\n<p>V\u00a0\u010fal\u0161ej \u0161t\u00fad\u00ed\u00ed v\u00fdskumn\u00edci viazali artemisin\u00edn na rakovinov\u00fd transfer\u00edn, zl\u00fa\u010deninu zab\u00edjaj\u00facu rakovinu. T\u00e1to kombin\u00e1cia oklame rakovinov\u00e9 bunky a sp\u00fa\u0161\u0165a lie\u010denie transfer\u00ednu ako ne\u0161kodn\u00e9ho prote\u00ednu. V\u00fdsledky uk\u00e1zali, \u017ee bunky leuk\u00e9mie boli zni\u010den\u00e9 a biele krvinky zostali nepo\u0161koden\u00e9.<\/p>\n<p><strong>Sum\u00e1rne hlavn\u00fdmi mechanizmami artemisin\u00ednu v boji s rakovinou a tumormi s\u00fa:<\/strong><\/p>\n<ul>\n<li>Produkcia reakt\u00edvnych kysl\u00edkov\u00fdch radik\u00e1lov<\/li>\n<li>Inhib\u00edcia bunkov\u00e9ho cyklu vo f\u00e1ze G0\/G1<\/li>\n<li>Indukcia apopt\u00f3zy (programovan\u00e1 smr\u0165 rakovinov\u00fdch buniek)<\/li>\n<li>Inhib\u00edcia angiogen\u00e9zy (blokovanie rastu krvn\u00fdch ciev, \u010do zabra\u0148uje rastu tumoru)<\/li>\n<\/ul>\n<h2><strong>Artemisin\u00edn a\u00a0rakovina prsn\u00edka \u2013 v\u00fdsledky \u0161t\u00fadi\u00ed<\/strong><\/h2>\n<p>V\u00fdskum preuk\u00e1zal, \u017ee artemisin\u00edn m\u00e1 proti-rakovinov\u00fd \u00fa\u010dinok aj pre bunky, ktor\u00e9 s\u00fa rezistentn\u00e9 na lieky a radi\u00e1ciu. Rakovinov\u00e9 bunky potrebuj\u00fa v\u00e4\u010d\u0161ie mno\u017estvo \u017eeleza v porovnan\u00ed so zdrav\u00fdmi bunkami. Niekedy s\u00fa rozdiely a\u017e 1000 n\u00e1sobn\u00e9. Artemisin\u00edn reaguje so \u017eelezom a vytv\u00e1ra vo\u013en\u00e9 radik\u00e1ly, ktor\u00e9 sp\u00f4sobuju bunkov\u00fa smr\u0165. Zv\u00fd\u0161en\u00e1 absorbcia \u017eeleza rakovinov\u00fdmi bunkami ich rob\u00ed n\u00e1chyln\u00e9 na vo\u013en\u00e9 radik\u00e1ly, ktor\u00e9 artemisin\u00edn v reakcii s Fe produkuje a t\u00fdm ich zab\u00edja. Mnoh\u00e9 rakovinov\u00e9 bunky maj\u00fa v\u00e4\u010d\u0161ie percento transfer\u00ednov\u00fdch receptorov na povrchu buniek. Tieto receptory zvy\u0161uj\u00fa absorpciu \u017eelezo-nes\u00faceho prote\u00edn transfer\u00ednu prostredn\u00edctvom endocyt\u00f3zy. Ke\u010f sa artemisin\u00edn kovalentne via\u017ee na transfer\u00edn, obidva s\u00fa trasportovan\u00e9 do bunky spolo\u010dne. Po endocyt\u00f3zach reaguje artemisin\u00edn so \u017eelezom a zab\u00edja rakovinov\u00e9 bunky. Uk\u00e1zalo sa, \u017ee artemisin\u00edn a transfer\u00edn viazan\u00fd na artemidin\u00edn s\u00fa mimoriadne siln\u00e9 a selekt\u00edvne pri sp\u00f4soben\u00ed smrti rakovinov\u00fdch buniek.<\/p>\n<p>V\u00a0\u0160t\u00fadi\u00ed zverejnenej v\u00a0\u017eurn\u00e1li BMC Rakovina, v\u00fdskumn\u00edci podrobne rozobrali molekul\u00e1rny mechanizmus, ktor\u00fd stoj\u00ed za t\u00fdm, ako artemisin\u00edn zabra\u0148uje inv\u00e1zi\u00ed a\u00a0migr\u00e1ci\u00ed rakoviny prsn\u00edka do in\u00fdch \u010dast\u00ed tela. Lie\u010dili rakovnov\u00e9 bunky v\u00a0prsn\u00edku s\u00a0artemisin\u00ednom a\u00a0zaznamen\u00e1vali \u00fa\u010dinky a\u00a0zmeny v expresi\u00ed g\u00e9nov a\u00a0prote\u00ednov.<\/p>\n<p><strong>\u0160t\u00fadia preuk\u00e1zal, \u017ee len mal\u00e9 d\u00e1vky\u00a0<a href=\"https:\/\/www.kingray.sk\/p\/kingray-artemisin-98-100kps-x-1-bal-ucinna-latka-artemisinin\">artemisin\u00ednu<\/a>\u00a0s\u00fa dostato\u010dn\u00e9 na potla\u010denie rakovinov\u00fdch buniek v\u00a0prsn\u00edku. Migr\u00e1cia rakovinov\u00fdch buniek z\u00a0jej vzniku do in\u00fdch \u010dast\u00ed tela sp\u00f4sobuje, \u017ee rakovina sa \u0161\u00edri a\u00a0je \u0165a\u017ek\u00e9 ju zastavi\u0165. \u0160t\u00fadia preuk\u00e1zala, \u017ee bunky lie\u010den\u00e9 artemisin\u00ednom mali vysok\u00e9 mno\u017estvo E-kadher\u00ednu, \u010do je prote\u00edn, ktor\u00fd podporuje adh\u00e9ziu bunka-bunka a\u00a0zabra\u0148uje migr\u00e1cii buniek.<\/strong><\/p>\n<p>\u0160t\u00fadia tie\u017e preuk\u00e1zala \u017ee lie\u010denie buniek artemisin\u00ednom men\u00ed expresiu g\u00e9nov, ktor\u00e9 sa podie\u013eaj\u00fa na v\u00fdvoji, prolifer\u00e1cii a migr\u00e1cii buniek rakoviny prsn\u00edka. V zdravom tele, \u201ebunky potl\u00e1\u010daj\u00face n\u00e1dory\u201c v\u00a0\u013eudskom tele spoma\u013euj\u00fa r\u00fdchlos\u0165 \u0161\u00edrenia buniek a chr\u00e1nia n\u00e1s pred rakovinou. Lie\u010dba buniek artemisin\u00ednom zv\u00fd\u0161ila expresiu t\u00fdchto g\u00e9nov. Vedci tie\u017e pozorovali zv\u00fd\u0161en\u00fa expresiu onkog\u00e9nov sp\u00f4sobuj\u00facich rakovinu po o\u0161etren\u00ed buniek artemisin\u00ednom.<\/p>\n<p>Na\u0161e telo m\u00e1 mechanizmus ni\u010denia buniek, ktor\u00e9 u\u017e nie s\u00fa potrebn\u00e9 alebo s\u00fa pre n\u00e1s \u0161kodliv\u00e9, v procese naz\u00fdvanom apopt\u00f3za. Rakovinov\u00e9 bunky subvertuj\u00fa proces apopt\u00f3zy a ved\u00fa tak k nekontrolovan\u00e9mu bunkov\u00e9mu rastu. Predlo\u017een\u00e1 \u0161t\u00fadia odhalila, \u017ee artemisin\u00edn indukuje apopt\u00f3zu v rakovinov\u00fdch bunk\u00e1ch, \u010d\u00edm zastavuje progresiu rakoviny. Po prv\u00fdkr\u00e1t v\u00fdskumn\u00edci uk\u00e1zali, \u017ee inhib\u00edcia \u0161pecifick\u00fdch enz\u00fdmov naz\u00fdvan\u00fdch HDAC (hist\u00f3ndeacetyl\u00e1za) podporuje rast rakovinov\u00fdch buniek. Zn\u00ed\u017een\u00e9 mno\u017estv\u00e1 HDAC sa zaznamenali v bunk\u00e1ch rakoviny prsn\u00edka lie\u010den\u00fdch artemisin\u00ednom.<\/p>\n<p><a href=\"https:\/\/www.kingray.sk\/p\/kingray-artemisin-98-100kps-x-1-bal-ucinna-latka-artemisinin\">Artemisin\u00edn<\/a>\u00a0je zaregistrovan\u00fd v \u00daVZ ako v\u00fd\u017eivov\u00fd doplnok s\u00a0ne\u0161pecifick\u00fdm a komplexn\u00fdm\u00a0\u00fa\u010dinkom na \u013eudsk\u00e9 zdravie.<\/p>\n<p>\u00da\u010dinky\u00a0<a href=\"https:\/\/www.kingray.sk\/p\/kingray-artemisin-98-100kps-x-1-bal-ucinna-latka-artemisinin\">artemisin\u00ednu<\/a>\u00a0su rozsiahle a jeho u\u017e\u00edvanie pom\u00e1ha organizmu v boji proti r\u00f4znym\u00a0<strong>v\u00edrusom a\u00a0parazitom<\/strong>\u00a0a\u00a0je \u00fa\u010dinn\u00fd v\u00a0detekovan\u00ed a\u00a0brzden\u00ed rozvoja n\u00e1dorov\u00fdch buniek, aby ich organizmus vedel vlastn\u00fdmi silami potla\u010di\u0165. Normalizuje samoregenera\u010dn\u00e9 a\u00a0ozdravovacie procesy.<\/p>\n","protected":false},"excerpt":{"rendered":"<p>Artemisin\u00edn je najefekt\u00edvnej\u0161\u00ed doplnok proti\u00a0<strong>v\u00edrusom<\/strong>\u00a0mal\u00e1rie, ale aj in\u00fdm z\u00e1va\u017en\u00fdm v\u00edrusov\u00fdm ochoreniam.<\/p>\n","protected":false},"featured_media":913,"comment_status":"open","ping_status":"closed","template":"","meta":[],"product_cat":[42,32,27,31,24,25,23],"product_tag":[],"class_list":{"0":"post-912","1":"product","2":"type-product","3":"status-publish","4":"has-post-thumbnail","6":"product_cat-detoxikacia","7":"product_cat-imunita","8":"product_cat-onkologicke-ochorenia","9":"product_cat-proti-starnutiu","10":"product_cat-unava","11":"product_cat-vycerpanie","12":"product_cat-zapal","14":"first","15":"instock","16":"taxable","17":"shipping-taxable","18":"purchasable","19":"product-type-simple"},"_links":{"self":[{"href":"https:\/\/www.partnerland.sk\/index.php?rest_route=\/wp\/v2\/product\/912","targetHints":{"allow":["GET"]}}],"collection":[{"href":"https:\/\/www.partnerland.sk\/index.php?rest_route=\/wp\/v2\/product"}],"about":[{"href":"https:\/\/www.partnerland.sk\/index.php?rest_route=\/wp\/v2\/types\/product"}],"replies":[{"embeddable":true,"href":"https:\/\/www.partnerland.sk\/index.php?rest_route=%2Fwp%2Fv2%2Fcomments&post=912"}],"wp:featuredmedia":[{"embeddable":true,"href":"https:\/\/www.partnerland.sk\/index.php?rest_route=\/wp\/v2\/media\/913"}],"wp:attachment":[{"href":"https:\/\/www.partnerland.sk\/index.php?rest_route=%2Fwp%2Fv2%2Fmedia&parent=912"}],"wp:term":[{"taxonomy":"product_cat","embeddable":true,"href":"https:\/\/www.partnerland.sk\/index.php?rest_route=%2Fwp%2Fv2%2Fproduct_cat&post=912"},{"taxonomy":"product_tag","embeddable":true,"href":"https:\/\/www.partnerland.sk\/index.php?rest_route=%2Fwp%2Fv2%2Fproduct_tag&post=912"}],"curies":[{"name":"wp","href":"https:\/\/api.w.org\/{rel}","templated":true}]}}