{"id":1006,"date":"2022-10-26T09:05:28","date_gmt":"2022-10-26T09:05:28","guid":{"rendered":"https:\/\/www.partnerland.sk\/?post_type=product&#038;p=1006"},"modified":"2022-10-26T09:05:28","modified_gmt":"2022-10-26T09:05:28","slug":"shiitake-30-polysacharid","status":"publish","type":"product","link":"https:\/\/www.partnerland.sk\/?product=shiitake-30-polysacharid","title":{"rendered":"Shiitake (30% polysacharid)"},"content":{"rendered":"<p>Balenie: 100g \u2013 pr\u00e1\u0161ok<\/p>\n<p>Na\u0161e\u00a0<span class=\"gmail_default\">Shiitake<\/span>\u00a0z h\u013eadiska podielu vz\u00e1cnych l\u00e1tok obsahuje 32% polysacharidov.<\/p>\n<p><strong>\u00da\u010dinky:<\/strong>\u00a0Shiitake je ve\u013emi \u00fa\u010dinn\u00e9 pri prevencii proti rakovine, napom\u00e1ha pri predch\u00e1dzan\u00ed niektor\u00fdm chorob\u00e1m srdca a\u00a0ciev, incretion syst\u00e9mu, cirh\u00f3ze pe\u010dene.<\/p>\n<p>Na\u0161a SHIITAKE \u00a0z h\u013eadiska podielu vz\u00e1cnych l\u00e1tok obsahuje\u00a0<strong>32% polysacharidov.<\/strong><\/p>\n<p><strong>Zlo\u017eenie:<\/strong>\u00a0\u00a0Lentinus edodes\u00a0(Shiitake)\u00a0\u00a0polysacharid v\u00a0pr\u00e1\u0161kovej forme.\u00a0 Je bohat\u00e1 na v\u00fd\u017eivu.\u00a0Su\u0161en\u00e1 Lentinus edodes\u00a0(Shiitake) obsahuje 18,64% bielkov\u00edn, 4,8% tuku, 71% sacharidov, viac ne\u017e 10 druhov aminokysel\u00edn, vr\u00e1tane 7 druhov esenci\u00e1lnych aminokysel\u00edn.\u00a0Obsahuje tie\u017e VD, VB1, VB2, VPP, miner\u00e1lny obsah a\u00a0obsah hrubej vl\u00e1kniny.<\/p>\n<p><strong>Skladovanie:<\/strong>\u00a0V chlade, suchu a tme.<\/p>\n<p>Farba, chu\u0165 a koexistencia pr\u00e1\u0161ku sa m\u00f4\u017eu v ka\u017edej novej v\u00fdrobnej s\u00e9rii meni\u0165. T\u00e1to zmena nem\u00e1 vplyv na blahod\u00e1rne \u00fa\u010dinky na \u013eudsk\u00fd organizmus a v\u017edy je v pr\u00e1\u0161ku zachovan\u00fd rovnak\u00fd podiel vz\u00e1cnych l\u00e1tok.<\/p>\n<p><strong>Neobsahuje chemick\u00e9 farbiv\u00e1 ani konzerva\u010dn\u00e9 l\u00e1tky.<\/strong><\/p>\n<p><strong>Schv\u00e1len\u00e9 rozhodnut\u00edm \u00daradu verejn\u00e9ho zdravotn\u00edctva SR<\/strong><\/p>\n","protected":false},"excerpt":{"rendered":"<p>Pr\u00edpravok je vhodn\u00fd ako podporn\u00fd prostriedok na regener\u00e1ciu organizmu. Lentinus edodes (Shiitake) \u2013 biomasa obsahuje cel\u00e9 spektrum akt\u00edvnych metabolitov z podhubia mladej plodnice h\u00fab, vr\u00e1tane beta \u2013 gluk\u00e1nov, intra a extra \u2013 celul\u00e1rne polysacharidy, fytosteroly (vr\u00e1tane ergosterolu \u2013 provitam\u00edn D2), eritadenine, proteoglyk\u00e1nmi a enz\u00fdmy.<\/p>\n","protected":false},"featured_media":1007,"comment_status":"open","ping_status":"closed","template":"","meta":[],"product_cat":[30],"product_tag":[],"class_list":{"0":"post-1006","1":"product","2":"type-product","3":"status-publish","4":"has-post-thumbnail","6":"product_cat-oblicky","8":"first","9":"instock","10":"taxable","11":"shipping-taxable","12":"purchasable","13":"product-type-simple"},"_links":{"self":[{"href":"https:\/\/www.partnerland.sk\/index.php?rest_route=\/wp\/v2\/product\/1006","targetHints":{"allow":["GET"]}}],"collection":[{"href":"https:\/\/www.partnerland.sk\/index.php?rest_route=\/wp\/v2\/product"}],"about":[{"href":"https:\/\/www.partnerland.sk\/index.php?rest_route=\/wp\/v2\/types\/product"}],"replies":[{"embeddable":true,"href":"https:\/\/www.partnerland.sk\/index.php?rest_route=%2Fwp%2Fv2%2Fcomments&post=1006"}],"wp:featuredmedia":[{"embeddable":true,"href":"https:\/\/www.partnerland.sk\/index.php?rest_route=\/wp\/v2\/media\/1007"}],"wp:attachment":[{"href":"https:\/\/www.partnerland.sk\/index.php?rest_route=%2Fwp%2Fv2%2Fmedia&parent=1006"}],"wp:term":[{"taxonomy":"product_cat","embeddable":true,"href":"https:\/\/www.partnerland.sk\/index.php?rest_route=%2Fwp%2Fv2%2Fproduct_cat&post=1006"},{"taxonomy":"product_tag","embeddable":true,"href":"https:\/\/www.partnerland.sk\/index.php?rest_route=%2Fwp%2Fv2%2Fproduct_tag&post=1006"}],"curies":[{"name":"wp","href":"https:\/\/api.w.org\/{rel}","templated":true}]}}