{"id":1002,"date":"2022-10-26T08:52:59","date_gmt":"2022-10-26T08:52:59","guid":{"rendered":"https:\/\/www.partnerland.sk\/?post_type=product&#038;p=1002"},"modified":"2022-10-26T09:00:43","modified_gmt":"2022-10-26T09:00:43","slug":"reishi-huba-50-100-g-prasok-50polysacharid","status":"publish","type":"product","link":"https:\/\/www.partnerland.sk\/?product=reishi-huba-50-100-g-prasok-50polysacharid","title":{"rendered":"Reishi huba 50 &#8211; 100 g pr\u00e1\u0161ok (50%polysacharid)"},"content":{"rendered":"<p>Balenie: 100g \u2013 pr\u00e1\u0161ok extrakt<\/p>\n<p><strong><em>Na\u0161e\u00a0<span class=\"gmail_default\">Reishi 50\u00a0<\/span>z h\u013eadiska podielu vz\u00e1cnych l\u00e1tok obsahuje a\u017e\u00a0<span class=\"gmail_default\">50<\/span>% polysacharidov. Je to najsilnej\u0161ia mo\u017en\u00e1 forma v\u00fd\u0165a\u017eku.<\/em><\/strong><\/p>\n<p>Naz\u00fdvan\u00e1 na z\u00e1pade ako \u201eGanoderma Lucidum\u201c, v \u00c1zii pod n\u00e1zvom \u201eLing Zhi\u201c a v Japonsku \u201eReishi\u201c \u2013 obsahuje okolo 200 rozli\u010dn\u00fdch vitam\u00ednov a miner\u00e1lov, ktor\u00fdch v\u00e4\u010d\u0161ia \u010das\u0165 m\u00e1 antioxida\u010dn\u00e9 \u00fa\u010dinky a preto p\u00f4sob\u00ed blahod\u00e1rne na organizmus. V Reishi sa nach\u00e1dza ve\u013ea alkaloidov, ktor\u00e9 zachov\u00e1vaj\u00fa optim\u00e1lnu pH hodnotu n\u00e1\u0161ho organizmu. Reishi huba z pomedzi 11-tich lie\u010div\u00fdch rastl\u00edn, ktor\u00e9 pom\u00e1haj\u00fa v lie\u010dbe rakovinov\u00fdch ochoren\u00ed stoj\u00ed na 3. mieste. Mnoh\u00ed odborn\u00edci, ktor\u00ed sa zaoberaj\u00fa lie\u010dbou rakoviny odpor\u00fa\u010daj\u00fa pou\u017eitie tejto huby \u013eu\u010fom u ktor\u00fdch bola diagnostikovan\u00e1 rakovina.<\/p>\n<p>Pou\u017eitie Huby Reishi pri:<\/p>\n<ul>\n<li>posilnenie imunitn\u00e9ho syst\u00e9mu,<\/li>\n<li>zv\u00fd\u0161enie odolnosti proti stresu,<\/li>\n<li>podporn\u00fd prostriedok pri lie\u010dbe rakoviny,<\/li>\n<li>kardiovaskul\u00e1rnych ochoreniach,<\/li>\n<li>hypertenzii,<\/li>\n<li>Lupus erythematodes \u2013 multiorg\u00e1nov\u00e9 autoimunitn\u00e9 ochorenie,<\/li>\n<li>Alopecia areata \u2013 vypad\u00e1vanie vlasov,<\/li>\n<li>Dermatomyositii \u2013 ochorenie spojivov\u00e9ho tkaniva,<\/li>\n<li>chronickej bronchit\u00edde,<\/li>\n<li>astme,<\/li>\n<li>ochorenie \u017elta\u010dkou,<\/li>\n<li>nespavosti,<\/li>\n<li>migr\u00e9ne,<\/li>\n<li>reumatizmu,<\/li>\n<li>sklerodermii,<\/li>\n<li>Myotonia atrophicans,<\/li>\n<li>Dystrophia musculorum progresiva a \u010fal\u0161\u00edch poruch\u00e1ch.<\/li>\n<\/ul>\n<p>Vplyv REISHI na organizmus napadnut\u00fd rakovinou:<\/p>\n<ul>\n<li>zmen\u0161uje ved\u013eaj\u0161ie \u00fa\u010dinky chemoterapie a o\u017earovania ako \u00fanavu,,<\/li>\n<li>stratu chuti do jedla, vypad\u00e1vanie vlasov,<\/li>\n<li>p\u00f4sob\u00ed ako prevencia pred ochoreniami rakovinou,<\/li>\n<li>stimuluje imunitn\u00fd syst\u00e9m,<\/li>\n<li>posil\u0148uje telu vlastn\u00e9 obrann\u00e9 mechanizmy,<\/li>\n<li>m\u00e1 antitumorov\u00e9 vlastnosti,<\/li>\n<li>antibakteri\u00e1lne, antiseptick\u00e9 a antiv\u00edrov\u00e9 vlastnosti,<\/li>\n<li>podporuje regener\u00e1ciu,<\/li>\n<li>zmen\u0161uje nebezpe\u010denstvo tvorby metast\u00e1z,<\/li>\n<li>zni\u017euje \u00fa\u010dinky ionizuj\u00faceho \u017eiarenia,<\/li>\n<li>p\u00f4sob\u00ed ako zmier\u0148ova\u010d bolesti,<\/li>\n<li>zlep\u0161uje fyzick\u00fd stav,<\/li>\n<li>p\u00f4sob\u00ed ako predl\u017eova\u010d \u017eivota,<\/li>\n<li>zvy\u0161uje kvalitu \u017eivota.<\/li>\n<\/ul>\n<p>V pr\u00edrode rastie Reishi na pr\u00e1chnivej\u00facich kme\u0148och, najm\u00e4 v pr\u00edmorsk\u00fdch oblastiach \u00c1zie. Nach\u00e1dza sa aj v \u0161pecifick\u00fdch oblastiach na Slovensku pod n\u00e1zvom \u201eLeskok\u00f4rka leskl\u00e1\u201c. Vyskytuje sa v \u0161iestich farebn\u00fdch variantoch a z nich sa naj\u010dastej\u0161ie na plant\u00e1\u017each pestuje \u010derven\u00e1. Obsahuje l\u00e1tky p\u00f4sobiace imunostimula\u010dne, antibakteri\u00e1lne a antivir\u00e1lne. Ve\u013ek\u00e9 uplatnenie nach\u00e1dza pri obnovovan\u00ed sily organizmu po oper\u00e1ci\u00e1ch a ve\u013ekom vy\u010derpan\u00ed \u2013 fyzickom aj du\u0161evnom. Pr\u00edrodn\u00fd antioxidant, ktor\u00fd p\u00f4sob\u00ed proti vo\u013en\u00fdm radik\u00e1lom \u00fa\u010dinkuje ako prevencia proti starnutiu. Pom\u00e1ha regenerova\u0165 pe\u010de\u0148 po za\u0165a\u017een\u00ed \u0165a\u017ek\u00fdmi lie\u010divami, alkoholom a hepatit\u00eddou. Kyselina ganodermov\u00e1 zni\u017euje krvn\u00fd tlak, lipoproteiny (LDL) a hodnoty trigliceridov. \u010eal\u0161\u00edmi vlastnos\u0165ami Reishi s\u00fa zastavova\u0165 ka\u0161e\u013e, premie\u0148a\u0165 hlieny a p\u00f4sobi\u0165 antiastmaticky. Taktie\u017e zni\u017euje toxick\u00e9 a ved\u013eaj\u0161ie \u00fa\u010dinky chemoterapie a r\u00e1dioterapie, podporuje a reguluje T a B lymfocity, potla\u010duje roz\u0161irovanie n\u00e1dorov\u00fdch buniek.<\/p>\n<p>D\u00f4le\u017eit\u00e9 si je uvedomi\u0165, \u017ee rozpr\u00e1vame o mo\u017enostiach, ktor\u00e9 pon\u00faka \u201eTradi\u010dn\u00e1 \u00e1zijsk\u00e1 medic\u00edna\u201c, kde sa podpornou lie\u010dbou \u2013 pomocou v\u00fd\u0165a\u017ekou zo \u0161pecifick\u00fdch nutri\u010dn\u00fdch h\u00fab (Reishi, Cordyceps, Maitake a Shiitake) daj\u00fa dosiahnu\u0165 ve\u013emi priazniv\u00e9 v\u00fdsledky pre organizmus s mo\u017enos\u0165ou si tak pred\u013a\u017ei\u0165 akt\u00edvny \u017eivot.<\/p>\n","protected":false},"excerpt":{"rendered":"<p>V\u00fdrazne posil\u0148uje imunitu, posil\u0148uje \u010dinnos\u0165 srdca, srdcovo-cievnej s\u00fastavy, p\u00f4sob\u00ed na syndr\u00f3m vyhorenia, chronickej bronchit\u00edde a chor\u00f4b vn\u00fatorn\u00fdch org\u00e1nov.<\/p>\n","protected":false},"featured_media":1003,"comment_status":"open","ping_status":"closed","template":"","meta":[],"product_cat":[24],"product_tag":[],"class_list":{"0":"post-1002","1":"product","2":"type-product","3":"status-publish","4":"has-post-thumbnail","6":"product_cat-unava","8":"first","9":"instock","10":"taxable","11":"shipping-taxable","12":"purchasable","13":"product-type-simple"},"_links":{"self":[{"href":"https:\/\/www.partnerland.sk\/index.php?rest_route=\/wp\/v2\/product\/1002","targetHints":{"allow":["GET"]}}],"collection":[{"href":"https:\/\/www.partnerland.sk\/index.php?rest_route=\/wp\/v2\/product"}],"about":[{"href":"https:\/\/www.partnerland.sk\/index.php?rest_route=\/wp\/v2\/types\/product"}],"replies":[{"embeddable":true,"href":"https:\/\/www.partnerland.sk\/index.php?rest_route=%2Fwp%2Fv2%2Fcomments&post=1002"}],"wp:featuredmedia":[{"embeddable":true,"href":"https:\/\/www.partnerland.sk\/index.php?rest_route=\/wp\/v2\/media\/1003"}],"wp:attachment":[{"href":"https:\/\/www.partnerland.sk\/index.php?rest_route=%2Fwp%2Fv2%2Fmedia&parent=1002"}],"wp:term":[{"taxonomy":"product_cat","embeddable":true,"href":"https:\/\/www.partnerland.sk\/index.php?rest_route=%2Fwp%2Fv2%2Fproduct_cat&post=1002"},{"taxonomy":"product_tag","embeddable":true,"href":"https:\/\/www.partnerland.sk\/index.php?rest_route=%2Fwp%2Fv2%2Fproduct_tag&post=1002"}],"curies":[{"name":"wp","href":"https:\/\/api.w.org\/{rel}","templated":true}]}}